st common divisor of 251310 and 30.
30
Calculate the highest common divisor of 28544 and 96.
32
What is the greatest common factor of 170 and 655010?
170
Calculate the greatest common factor of 595 and 23233.
7
What is the highest common factor of 36135 and 55?
55
What is the highest common factor of 812028 and 18228?
588
Calculate the greatest common divisor of 28150 and 43914.
1126
What is the highest common factor of 41 and 90077?
41
Calculate the highest common divisor of 521488 and 176.
176
Calculate the highest common factor of 71920 and 2790.
310
What is the highest common divisor of 294 and 113631?
147
Calculate the highest common divisor of 3178 and 3508058.
454
What is the greatest common factor of 10240 and 800?
160
What is the highest common divisor of 144 and 387216?
144
Calculate the highest common divisor of 254 and 15036800.
254
Calculate the greatest common divisor of 336710 and 110.
110
Calculate the greatest common factor of 5047936 and 8.
8
What is the greatest common divisor of 700 and 54236?
28
What is the highest common factor of 440 and 6512?
88
Calculate the highest common divisor of 546904 and 3288.
1096
What is the highest common factor of 19567 and 3196?
17
Calculate the highest common factor of 5860 and 920.
20
Calculate the highest common divisor of 2047 and 621.
23
Calculate the greatest common divisor of 290056 and 312.
104
What is the highest common factor of 18 and 1752?
6
Calculate the greatest common divisor of 6953233 and 14.
7
What is the highest common factor of 5249 and 1189?
29
Calculate the greatest common factor of 31560 and 840.
120
Calculate the greatest common divisor of 230837 and 718.
359
What is the highest common factor of 83054 and 2882?
262
What is the highest common divisor of 280449 and 156?
39
Calculate the highest common factor of 297 and 45711.
27
Calculate the greatest common factor of 530 and 21650.
10
What is the greatest common divisor of 312 and 18213?
39
What is the highest common divisor of 2593 and 313?
1
What is the highest common divisor of 795 and 100011?
159
What is the greatest common divisor of 299585 and 1257?
419
Calculate the greatest common factor of 2192353 and 19.
19
Calculate the greatest common divisor of 26 and 1197235.
13
What is the greatest common divisor of 1604 and 524?
4
What is the greatest common divisor of 1356 and 62715?
339
Calculate the highest common divisor of 164634 and 6.
6
Calculate the highest common divisor of 23 and 927383.
23
Calculate the greatest common factor of 68 and 368798.
34
Calculate the highest common divisor of 1500456 and 1818.
606
What is the greatest common factor of 423455 and 15?
5
Calculate the highest common divisor of 85408 and 136.
136
Calculate the greatest common divisor of 16317 and 37779.
147
What is the greatest common divisor of 294 and 2786?
14
Calculate the highest common factor of 2686 and 1530.
34
Calculate the greatest common divisor of 91 and 96733.
91
What is the greatest common divisor of 930 and 156612?
186
Calculate the greatest common divisor of 21875 and 21.
7
Calculate the greatest common factor of 35860 and 2860.
220
What is the highest common divisor of 398 and 122?
2
What is the highest common factor of 1287 and 624?
39
What is the greatest common divisor of 2252055 and 390?
195
Calculate the highest common factor of 73997 and 434.
217
What is the highest common divisor of 39 and 391040?
13
What is the highest common factor of 56069 and 2717?
247
What is the greatest common factor of 171 and 14763?
57
What is the greatest common factor of 17708 and 2242?
38
What is the highest common factor of 440 and 470360?
440
Calculate the highest common factor of 2126616 and 16.
8
What is the highest common factor of 21721 and 49?
7
Calculate the highest common factor of 1325 and 465340.
265
Calculate the highest common factor of 90 and 5457735.
45
What is the highest common factor of 533 and 4879?
41
Calculate the highest common factor of 36 and 92844.
36
What is the greatest common divisor of 189 and 114723?
189
Calculate the highest common factor of 10188 and 18522.
18
Calculate the highest common divisor of 182976 and 384.
192
Calculate the highest common factor of 46683 and 589.
19
What is the highest common divisor of 139 and 4785631?
139
What is the greatest common divisor of 24 and 49017?
3
What is the highest common factor of 19430 and 536?
134
Calculate the greatest common factor of 15 and 335235.
15
What is the greatest common factor of 7392 and 12032?
32
What is the greatest common divisor of 3 and 9609?
3
Calculate the highest common factor of 1 and 20521.
1
What is the greatest common factor of 140 and 145?
5
What is the highest common factor of 257 and 599067?
257
Calculate the highest common divisor of 2111088 and 122.
122
What is the greatest common divisor of 13 and 1387139?
13
What is the highest common divisor of 318 and 3072?
6
Calculate the greatest common factor of 78114 and 20022.
282
What is the highest common factor of 6895 and 25807?
197
What is the highest common divisor of 16837 and 4633?
113
What is the highest common divisor of 71176 and 62?
62
Calculate the greatest common factor of 44860 and 640.
20
Calculate the greatest common divisor of 121 and 41723.
11
What is the greatest common divisor of 504 and 10872?
72
What is the greatest common divisor of 17596 and 29382?
166
What is the highest common divisor of 29441 and 1475?
59
What is the greatest common divisor of 122 and 185013?
61
Calculate the greatest common divisor of 12345 and 35.
5
Calculate the greatest common divisor of 409 and 411454.
409
What is the greatest common divisor of 192536 and 5248?
328
What is the greatest common factor of 175 and 105?
35
Calculate the highest common factor of 118788 and 152.
76
What is the greatest common factor of 58053 and 74?
37
What is the highest common divisor of 35 and 44695?
35
What is the greatest common factor of 1312 and 5048?
8
What is the highest common divisor of 198045 and 30?
15
What is the highest common divisor of 40 and 582070?
10
What is the highest common factor of 1749 and 2706?
33
What is the greatest common divisor of 8767 and 4279?
11
Calculate the highest common divisor of 136242 and 5346.
162
Calculate the highest common divisor of 370896 and 48.
48
Calculate the greatest common factor of 343 and 2.
1
Calculate the highest common divisor of 154496 and 64.
64
What is the greatest common factor of 59774 and 31616?
494
Calculate the highest common factor of 45500 and 200.
100
What is the highest common factor of 60 and 489810?
30
What is the highest common divisor of 9132305 and 455?
455
What is the highest common factor of 7110 and 46440?
90
What is the highest common divisor of 484507 and 79?
79
Calculate the highest common factor of 1180700 and 250.
50
Calculate the highest common factor of 304848 and 783.
261
What is the highest common factor of 80 and 531160?
40
Calculate the highest common divisor of 95725 and 105.
35
What is the highest common divisor of 196868 and 474?
158
Calculate the greatest common divisor of 383 and 188053.
383
What is the greatest common divisor of 211531 and 14858?
391
What is the greatest common divisor of 20909 and 6496?
203
What is the greatest common factor of 61419 and 118?
59
Calculate the greatest common factor of 18 and 8794.
2
What is the highest common factor of 10824 and 3564?
132
Calculate the highest common divisor of 762793 and 361.
361
What is the greatest common divisor of 2268 and 17388?
756
Calculate the greatest common divisor of 35 and 2463433.
7
Calculate the highest common divisor of 143726 and 191290.
1034
Calculate the greatest common divisor of 102384 and 1152.
144
Calculate the greatest common divisor of 256673 and 446.
223
What is the highest common divisor of 723 and 1371049?
241
What is the greatest common divisor of 37 and 3404?
37
Calculate the greatest common factor of 1150 and 70840.
230
Calculate the greatest common divisor of 178 and 1670530.
178
What is the highest common divisor of 15149626 and 262?
262
What is the greatest common factor of 431241 and 465?
93
What is the greatest common factor of 23232 and 393492?
1452
Calculate the greatest common divisor of 39090 and 90.
30
What is the highest